{"id":2661,"date":"2022-10-24T10:45:37","date_gmt":"2022-10-24T08:45:37","guid":{"rendered":"https:\/\/www.chocolaterie-lamy.com\/boutique\/?post_type=product&#038;p=2661"},"modified":"2022-11-08T14:55:15","modified_gmt":"2022-11-08T13:55:15","slug":"venezuela-68-bean-to-bar","status":"publish","type":"product","link":"https:\/\/www.chocolaterie-lamy.com\/boutique\/produit\/venezuela-68-bean-to-bar\/","title":{"rendered":"Venezuela 68% &#8211; Bean to Bar"},"content":{"rendered":"<p><strong>Conservation<\/strong><br \/>\nA conserver dans leur emballage \u00e0 une temp\u00e9rature ambiante, entre 17\u00b0C et 20\u00b0C.<br \/>\nNe pas mettre au r\u00e9frig\u00e9rateur.<br \/>\nA conserver \u00e0 l\u2019abri de la chaleur et de l\u2019humidit\u00e9.<\/p>\n<p><strong>Consommation<\/strong><br \/>\nA consommer dans les 12 mois apr\u00e8s r\u00e9ception du produit (cf. DLC au dos du produit).<\/p>\n","protected":false},"excerpt":{"rendered":"<p><strong>Tablette de chocolat noir \u00ab\u00a0bean to bar\u00a0\u00bb \u2013 68% de cacao<\/strong><br \/>\nOrigine des f\u00e8ves de cacao\u00a0: Venezuela<br \/>\nR\u00e9galez-vous avec ce chocolat Bean to Bar (de la f\u00e8ve \u00e0 la tablette) aux notes de d\u00e9gustation intenses et fruit\u00e9es (noix et fruits jaunes). Cette tablette a \u00e9t\u00e9 enti\u00e8rement confectionn\u00e9e dans l\u2019atelier de notre chocolaterie.<\/p>\n<p><em>8 carreaux de chocolat<\/em><br \/>\n<em>Poids : 80g<\/em><br \/>\n<em>Ingr\u00e9dients : F\u00e8ves de cacao, beurre de cacao, sucre, l\u00e9cithine de tournesol. Peut contenir des traces de fruits \u00e0 coque et de lactose.<\/em><\/p>\n","protected":false},"featured_media":2662,"template":"","meta":[],"product_cat":[21,57],"product_tag":[90,27,89,86],"yoast_head":"<!-- This site is optimized with the Yoast SEO plugin v19.8 - https:\/\/yoast.com\/wordpress\/plugins\/seo\/ -->\n<title>Venezuela 68% - Bean to Bar - Chocolaterie Lamy<\/title>\n<meta name=\"description\" content=\"Tablette de chocolat noir \u00ab\u00a0bean to bar\u00a0\u00bb \u2013 68% de cacao\" \/>\n<meta name=\"robots\" content=\"index, follow, max-snippet:-1, max-image-preview:large, max-video-preview:-1\" \/>\n<link rel=\"canonical\" href=\"https:\/\/www.chocolaterie-lamy.com\/boutique\/produit\/venezuela-68-bean-to-bar\/\" \/>\n<meta property=\"og:locale\" content=\"fr_FR\" \/>\n<meta property=\"og:type\" content=\"article\" \/>\n<meta property=\"og:title\" content=\"Venezuela 68% - Bean to Bar - Chocolaterie Lamy\" \/>\n<meta property=\"og:description\" content=\"Tablette de chocolat noir \u00ab\u00a0bean to bar\u00a0\u00bb \u2013 68% de cacao\" \/>\n<meta property=\"og:url\" content=\"https:\/\/www.chocolaterie-lamy.com\/boutique\/produit\/venezuela-68-bean-to-bar\/\" \/>\n<meta property=\"og:site_name\" content=\"Chocolaterie Lamy\" \/>\n<meta property=\"article:modified_time\" content=\"2022-11-08T13:55:15+00:00\" \/>\n<meta property=\"og:image\" content=\"https:\/\/www.chocolaterie-lamy.com\/boutique\/wp-content\/uploads\/2022\/10\/venezuela.jpg\" \/>\n\t<meta property=\"og:image:width\" content=\"800\" \/>\n\t<meta property=\"og:image:height\" content=\"993\" \/>\n\t<meta property=\"og:image:type\" content=\"image\/jpeg\" \/>\n<meta name=\"twitter:card\" content=\"summary_large_image\" \/>\n<meta name=\"twitter:label1\" content=\"Dur\u00e9e de lecture estim\u00e9e\" \/>\n\t<meta name=\"twitter:data1\" content=\"1 minute\" \/>\n<script type=\"application\/ld+json\" class=\"yoast-schema-graph\">{\"@context\":\"https:\/\/schema.org\",\"@graph\":[{\"@type\":\"WebPage\",\"@id\":\"https:\/\/www.chocolaterie-lamy.com\/boutique\/produit\/venezuela-68-bean-to-bar\/\",\"url\":\"https:\/\/www.chocolaterie-lamy.com\/boutique\/produit\/venezuela-68-bean-to-bar\/\",\"name\":\"Venezuela 68% - Bean to Bar - Chocolaterie Lamy\",\"isPartOf\":{\"@id\":\"https:\/\/www.chocolaterie-lamy.com\/boutique\/#website\"},\"datePublished\":\"2022-10-24T08:45:37+00:00\",\"dateModified\":\"2022-11-08T13:55:15+00:00\",\"description\":\"Tablette de chocolat noir \u00ab\u00a0bean to bar\u00a0\u00bb \u2013 68% de cacao\",\"breadcrumb\":{\"@id\":\"https:\/\/www.chocolaterie-lamy.com\/boutique\/produit\/venezuela-68-bean-to-bar\/#breadcrumb\"},\"inLanguage\":\"fr-FR\",\"potentialAction\":[{\"@type\":\"ReadAction\",\"target\":[\"https:\/\/www.chocolaterie-lamy.com\/boutique\/produit\/venezuela-68-bean-to-bar\/\"]}]},{\"@type\":\"BreadcrumbList\",\"@id\":\"https:\/\/www.chocolaterie-lamy.com\/boutique\/produit\/venezuela-68-bean-to-bar\/#breadcrumb\",\"itemListElement\":[{\"@type\":\"ListItem\",\"position\":1,\"name\":\"Boutique\",\"item\":\"https:\/\/www.chocolaterie-lamy.com\/boutique\/\"},{\"@type\":\"ListItem\",\"position\":2,\"name\":\"Venezuela 68% &#8211; Bean to Bar\"}]},{\"@type\":\"WebSite\",\"@id\":\"https:\/\/www.chocolaterie-lamy.com\/boutique\/#website\",\"url\":\"https:\/\/www.chocolaterie-lamy.com\/boutique\/\",\"name\":\"Chocolaterie Lamy\",\"description\":\"Chocolats de fabrication 100% maison\",\"potentialAction\":[{\"@type\":\"SearchAction\",\"target\":{\"@type\":\"EntryPoint\",\"urlTemplate\":\"https:\/\/www.chocolaterie-lamy.com\/boutique\/?s={search_term_string}\"},\"query-input\":\"required name=search_term_string\"}],\"inLanguage\":\"fr-FR\"}]}<\/script>\n<!-- \/ Yoast SEO plugin. -->","yoast_head_json":{"title":"Venezuela 68% - Bean to Bar - Chocolaterie Lamy","description":"Tablette de chocolat noir \u00ab\u00a0bean to bar\u00a0\u00bb \u2013 68% de cacao","robots":{"index":"index","follow":"follow","max-snippet":"max-snippet:-1","max-image-preview":"max-image-preview:large","max-video-preview":"max-video-preview:-1"},"canonical":"https:\/\/www.chocolaterie-lamy.com\/boutique\/produit\/venezuela-68-bean-to-bar\/","og_locale":"fr_FR","og_type":"article","og_title":"Venezuela 68% - Bean to Bar - Chocolaterie Lamy","og_description":"Tablette de chocolat noir \u00ab\u00a0bean to bar\u00a0\u00bb \u2013 68% de cacao","og_url":"https:\/\/www.chocolaterie-lamy.com\/boutique\/produit\/venezuela-68-bean-to-bar\/","og_site_name":"Chocolaterie Lamy","article_modified_time":"2022-11-08T13:55:15+00:00","og_image":[{"width":800,"height":993,"url":"https:\/\/www.chocolaterie-lamy.com\/boutique\/wp-content\/uploads\/2022\/10\/venezuela.jpg","type":"image\/jpeg"}],"twitter_card":"summary_large_image","twitter_misc":{"Dur\u00e9e de lecture estim\u00e9e":"1 minute"},"schema":{"@context":"https:\/\/schema.org","@graph":[{"@type":"WebPage","@id":"https:\/\/www.chocolaterie-lamy.com\/boutique\/produit\/venezuela-68-bean-to-bar\/","url":"https:\/\/www.chocolaterie-lamy.com\/boutique\/produit\/venezuela-68-bean-to-bar\/","name":"Venezuela 68% - Bean to Bar - Chocolaterie Lamy","isPartOf":{"@id":"https:\/\/www.chocolaterie-lamy.com\/boutique\/#website"},"datePublished":"2022-10-24T08:45:37+00:00","dateModified":"2022-11-08T13:55:15+00:00","description":"Tablette de chocolat noir \u00ab\u00a0bean to bar\u00a0\u00bb \u2013 68% de cacao","breadcrumb":{"@id":"https:\/\/www.chocolaterie-lamy.com\/boutique\/produit\/venezuela-68-bean-to-bar\/#breadcrumb"},"inLanguage":"fr-FR","potentialAction":[{"@type":"ReadAction","target":["https:\/\/www.chocolaterie-lamy.com\/boutique\/produit\/venezuela-68-bean-to-bar\/"]}]},{"@type":"BreadcrumbList","@id":"https:\/\/www.chocolaterie-lamy.com\/boutique\/produit\/venezuela-68-bean-to-bar\/#breadcrumb","itemListElement":[{"@type":"ListItem","position":1,"name":"Boutique","item":"https:\/\/www.chocolaterie-lamy.com\/boutique\/"},{"@type":"ListItem","position":2,"name":"Venezuela 68% &#8211; Bean to Bar"}]},{"@type":"WebSite","@id":"https:\/\/www.chocolaterie-lamy.com\/boutique\/#website","url":"https:\/\/www.chocolaterie-lamy.com\/boutique\/","name":"Chocolaterie Lamy","description":"Chocolats de fabrication 100% maison","potentialAction":[{"@type":"SearchAction","target":{"@type":"EntryPoint","urlTemplate":"https:\/\/www.chocolaterie-lamy.com\/boutique\/?s={search_term_string}"},"query-input":"required name=search_term_string"}],"inLanguage":"fr-FR"}]}},"post_mailing_queue_ids":[],"_links":{"self":[{"href":"https:\/\/www.chocolaterie-lamy.com\/boutique\/wp-json\/wp\/v2\/product\/2661"}],"collection":[{"href":"https:\/\/www.chocolaterie-lamy.com\/boutique\/wp-json\/wp\/v2\/product"}],"about":[{"href":"https:\/\/www.chocolaterie-lamy.com\/boutique\/wp-json\/wp\/v2\/types\/product"}],"wp:featuredmedia":[{"embeddable":true,"href":"https:\/\/www.chocolaterie-lamy.com\/boutique\/wp-json\/wp\/v2\/media\/2662"}],"wp:attachment":[{"href":"https:\/\/www.chocolaterie-lamy.com\/boutique\/wp-json\/wp\/v2\/media?parent=2661"}],"wp:term":[{"taxonomy":"product_cat","embeddable":true,"href":"https:\/\/www.chocolaterie-lamy.com\/boutique\/wp-json\/wp\/v2\/product_cat?post=2661"},{"taxonomy":"product_tag","embeddable":true,"href":"https:\/\/www.chocolaterie-lamy.com\/boutique\/wp-json\/wp\/v2\/product_tag?post=2661"}],"curies":[{"name":"wp","href":"https:\/\/api.w.org\/{rel}","templated":true}]}}