{"id":2581,"date":"2022-09-22T10:04:24","date_gmt":"2022-09-22T08:04:24","guid":{"rendered":"https:\/\/www.chocolaterie-lamy.com\/boutique\/?post_type=product&#038;p=2581"},"modified":"2025-11-20T16:33:58","modified_gmt":"2025-11-20T15:33:58","slug":"ballotin-de-chocolats-au-lait-250g","status":"publish","type":"product","link":"https:\/\/www.chocolaterie-lamy.com\/boutique\/produit\/ballotin-de-chocolats-au-lait-250g\/","title":{"rendered":"Ballotin de chocolats au lait 250g"},"content":{"rendered":"<p><strong>Conservation<br \/>\n<\/strong>A conserver dans leur emballage \u00e0 une temp\u00e9rature ambiante, entre 17\u00b0C et 20\u00b0C.<br \/>\nNe pas mettre au r\u00e9frig\u00e9rateur.<br \/>\nA conserver \u00e0 l\u2019abri de la chaleur et de l\u2019humidit\u00e9.<\/p>\n<p><strong>Consommation<\/strong><br \/>\nA consommer dans les 3 semaines \u00e0 la r\u00e9ception du produit.<\/p>\n","protected":false},"excerpt":{"rendered":"<p>Assortiment de bonbons de chocolat avec int\u00e9rieur : ganaches pur origines, ganaches parfum\u00e9es, p\u00e2tes d\u2019amandes, pralin\u00e9s et fruits confits.<\/p>\n<p><em>Environ 30 chocolats<\/em><br \/>\n<em>Poids : 250g<\/em><\/p>\n","protected":false},"featured_media":2512,"template":"","meta":[],"product_cat":[29],"product_tag":[34,38,25,73,40,41,30,36],"yoast_head":"<!-- This site is optimized with the Yoast SEO plugin v19.8 - https:\/\/yoast.com\/wordpress\/plugins\/seo\/ -->\n<title>Ballotin de chocolats au lait 250g - Chocolaterie Lamy<\/title>\n<meta name=\"description\" content=\"Assortiment de bonbons de chocolat avec int\u00e9rieur : ganaches pur origines, ganaches parfum\u00e9es, p\u00e2tes d\u2019amandes, pralin\u00e9s et fruits confits.\" \/>\n<meta name=\"robots\" content=\"index, follow, max-snippet:-1, max-image-preview:large, max-video-preview:-1\" \/>\n<link rel=\"canonical\" href=\"https:\/\/www.chocolaterie-lamy.com\/boutique\/produit\/ballotin-de-chocolats-au-lait-250g\/\" \/>\n<meta property=\"og:locale\" content=\"fr_FR\" \/>\n<meta property=\"og:type\" content=\"article\" \/>\n<meta property=\"og:title\" content=\"Ballotin de chocolats au lait 250g - Chocolaterie Lamy\" \/>\n<meta property=\"og:description\" content=\"Assortiment de bonbons de chocolat avec int\u00e9rieur : ganaches pur origines, ganaches parfum\u00e9es, p\u00e2tes d\u2019amandes, pralin\u00e9s et fruits confits.\" \/>\n<meta property=\"og:url\" content=\"https:\/\/www.chocolaterie-lamy.com\/boutique\/produit\/ballotin-de-chocolats-au-lait-250g\/\" \/>\n<meta property=\"og:site_name\" content=\"Chocolaterie Lamy\" \/>\n<meta property=\"article:modified_time\" content=\"2025-11-20T15:33:58+00:00\" \/>\n<meta property=\"og:image\" content=\"https:\/\/www.chocolaterie-lamy.com\/boutique\/wp-content\/uploads\/2015\/08\/bonbons_250g.jpg\" \/>\n\t<meta property=\"og:image:width\" content=\"800\" \/>\n\t<meta property=\"og:image:height\" content=\"993\" \/>\n\t<meta property=\"og:image:type\" content=\"image\/jpeg\" \/>\n<meta name=\"twitter:card\" content=\"summary_large_image\" \/>\n<meta name=\"twitter:label1\" content=\"Dur\u00e9e de lecture estim\u00e9e\" \/>\n\t<meta name=\"twitter:data1\" content=\"1 minute\" \/>\n<script type=\"application\/ld+json\" class=\"yoast-schema-graph\">{\"@context\":\"https:\/\/schema.org\",\"@graph\":[{\"@type\":\"WebPage\",\"@id\":\"https:\/\/www.chocolaterie-lamy.com\/boutique\/produit\/ballotin-de-chocolats-au-lait-250g\/\",\"url\":\"https:\/\/www.chocolaterie-lamy.com\/boutique\/produit\/ballotin-de-chocolats-au-lait-250g\/\",\"name\":\"Ballotin de chocolats au lait 250g - Chocolaterie Lamy\",\"isPartOf\":{\"@id\":\"https:\/\/www.chocolaterie-lamy.com\/boutique\/#website\"},\"datePublished\":\"2022-09-22T08:04:24+00:00\",\"dateModified\":\"2025-11-20T15:33:58+00:00\",\"description\":\"Assortiment de bonbons de chocolat avec int\u00e9rieur : ganaches pur origines, ganaches parfum\u00e9es, p\u00e2tes d\u2019amandes, pralin\u00e9s et fruits confits.\",\"breadcrumb\":{\"@id\":\"https:\/\/www.chocolaterie-lamy.com\/boutique\/produit\/ballotin-de-chocolats-au-lait-250g\/#breadcrumb\"},\"inLanguage\":\"fr-FR\",\"potentialAction\":[{\"@type\":\"ReadAction\",\"target\":[\"https:\/\/www.chocolaterie-lamy.com\/boutique\/produit\/ballotin-de-chocolats-au-lait-250g\/\"]}]},{\"@type\":\"BreadcrumbList\",\"@id\":\"https:\/\/www.chocolaterie-lamy.com\/boutique\/produit\/ballotin-de-chocolats-au-lait-250g\/#breadcrumb\",\"itemListElement\":[{\"@type\":\"ListItem\",\"position\":1,\"name\":\"Boutique\",\"item\":\"https:\/\/www.chocolaterie-lamy.com\/boutique\/\"},{\"@type\":\"ListItem\",\"position\":2,\"name\":\"Ballotin de chocolats au lait 250g\"}]},{\"@type\":\"WebSite\",\"@id\":\"https:\/\/www.chocolaterie-lamy.com\/boutique\/#website\",\"url\":\"https:\/\/www.chocolaterie-lamy.com\/boutique\/\",\"name\":\"Chocolaterie Lamy\",\"description\":\"Chocolats de fabrication 100% maison\",\"potentialAction\":[{\"@type\":\"SearchAction\",\"target\":{\"@type\":\"EntryPoint\",\"urlTemplate\":\"https:\/\/www.chocolaterie-lamy.com\/boutique\/?s={search_term_string}\"},\"query-input\":\"required name=search_term_string\"}],\"inLanguage\":\"fr-FR\"}]}<\/script>\n<!-- \/ Yoast SEO plugin. -->","yoast_head_json":{"title":"Ballotin de chocolats au lait 250g - Chocolaterie Lamy","description":"Assortiment de bonbons de chocolat avec int\u00e9rieur : ganaches pur origines, ganaches parfum\u00e9es, p\u00e2tes d\u2019amandes, pralin\u00e9s et fruits confits.","robots":{"index":"index","follow":"follow","max-snippet":"max-snippet:-1","max-image-preview":"max-image-preview:large","max-video-preview":"max-video-preview:-1"},"canonical":"https:\/\/www.chocolaterie-lamy.com\/boutique\/produit\/ballotin-de-chocolats-au-lait-250g\/","og_locale":"fr_FR","og_type":"article","og_title":"Ballotin de chocolats au lait 250g - Chocolaterie Lamy","og_description":"Assortiment de bonbons de chocolat avec int\u00e9rieur : ganaches pur origines, ganaches parfum\u00e9es, p\u00e2tes d\u2019amandes, pralin\u00e9s et fruits confits.","og_url":"https:\/\/www.chocolaterie-lamy.com\/boutique\/produit\/ballotin-de-chocolats-au-lait-250g\/","og_site_name":"Chocolaterie Lamy","article_modified_time":"2025-11-20T15:33:58+00:00","og_image":[{"width":800,"height":993,"url":"https:\/\/www.chocolaterie-lamy.com\/boutique\/wp-content\/uploads\/2015\/08\/bonbons_250g.jpg","type":"image\/jpeg"}],"twitter_card":"summary_large_image","twitter_misc":{"Dur\u00e9e de lecture estim\u00e9e":"1 minute"},"schema":{"@context":"https:\/\/schema.org","@graph":[{"@type":"WebPage","@id":"https:\/\/www.chocolaterie-lamy.com\/boutique\/produit\/ballotin-de-chocolats-au-lait-250g\/","url":"https:\/\/www.chocolaterie-lamy.com\/boutique\/produit\/ballotin-de-chocolats-au-lait-250g\/","name":"Ballotin de chocolats au lait 250g - Chocolaterie Lamy","isPartOf":{"@id":"https:\/\/www.chocolaterie-lamy.com\/boutique\/#website"},"datePublished":"2022-09-22T08:04:24+00:00","dateModified":"2025-11-20T15:33:58+00:00","description":"Assortiment de bonbons de chocolat avec int\u00e9rieur : ganaches pur origines, ganaches parfum\u00e9es, p\u00e2tes d\u2019amandes, pralin\u00e9s et fruits confits.","breadcrumb":{"@id":"https:\/\/www.chocolaterie-lamy.com\/boutique\/produit\/ballotin-de-chocolats-au-lait-250g\/#breadcrumb"},"inLanguage":"fr-FR","potentialAction":[{"@type":"ReadAction","target":["https:\/\/www.chocolaterie-lamy.com\/boutique\/produit\/ballotin-de-chocolats-au-lait-250g\/"]}]},{"@type":"BreadcrumbList","@id":"https:\/\/www.chocolaterie-lamy.com\/boutique\/produit\/ballotin-de-chocolats-au-lait-250g\/#breadcrumb","itemListElement":[{"@type":"ListItem","position":1,"name":"Boutique","item":"https:\/\/www.chocolaterie-lamy.com\/boutique\/"},{"@type":"ListItem","position":2,"name":"Ballotin de chocolats au lait 250g"}]},{"@type":"WebSite","@id":"https:\/\/www.chocolaterie-lamy.com\/boutique\/#website","url":"https:\/\/www.chocolaterie-lamy.com\/boutique\/","name":"Chocolaterie Lamy","description":"Chocolats de fabrication 100% maison","potentialAction":[{"@type":"SearchAction","target":{"@type":"EntryPoint","urlTemplate":"https:\/\/www.chocolaterie-lamy.com\/boutique\/?s={search_term_string}"},"query-input":"required name=search_term_string"}],"inLanguage":"fr-FR"}]}},"post_mailing_queue_ids":[],"_links":{"self":[{"href":"https:\/\/www.chocolaterie-lamy.com\/boutique\/wp-json\/wp\/v2\/product\/2581"}],"collection":[{"href":"https:\/\/www.chocolaterie-lamy.com\/boutique\/wp-json\/wp\/v2\/product"}],"about":[{"href":"https:\/\/www.chocolaterie-lamy.com\/boutique\/wp-json\/wp\/v2\/types\/product"}],"wp:featuredmedia":[{"embeddable":true,"href":"https:\/\/www.chocolaterie-lamy.com\/boutique\/wp-json\/wp\/v2\/media\/2512"}],"wp:attachment":[{"href":"https:\/\/www.chocolaterie-lamy.com\/boutique\/wp-json\/wp\/v2\/media?parent=2581"}],"wp:term":[{"taxonomy":"product_cat","embeddable":true,"href":"https:\/\/www.chocolaterie-lamy.com\/boutique\/wp-json\/wp\/v2\/product_cat?post=2581"},{"taxonomy":"product_tag","embeddable":true,"href":"https:\/\/www.chocolaterie-lamy.com\/boutique\/wp-json\/wp\/v2\/product_tag?post=2581"}],"curies":[{"name":"wp","href":"https:\/\/api.w.org\/{rel}","templated":true}]}}